b + 55443. Determine x(-27).
-42
Let l(c) = -5*c**2 - 14*c + 19. What is l(1)?
0
Let m(p) = p**2 + 296*p - 1786. What is m(6)?
26
Let s(o) = -2*o**3 - 27*o**2 + 32*o + 7. Give s(-14).
-245
Let r(n) = -6*n**2 - 42*n - 2. What is r(-14)?
-590
Let x(d) = -3*d**3 - 43*d**2 + 33*d + 652. Determine x(-14).
-6
Let v(k) = -k**2 - 40*k + 381. Give v(8).
-3
Let q(w) = -w**3 + 20*w**2 + 22*w + 16. Determine q(20).
456
Let j(k) = k**3 - 93*k**2 + 230*k - 4370. What is j(91)?
-2
Let l(s) = -54*s - 2326. Give l(-32).
-598
Let c(v) = -v**3 - 14*v**2 - 4*v - 63. What is c(-14)?
-7
Let u(a) = -19*a**2 + 219*a + 154. Give u(12).
46
Let j(m) = m**3 - 17*m**2 + 29*m + 23. Calculate j(15).
8
Let n(y) = -91*y - 249. What is n(4)?
-613
Let a(r) = 4*r**3 - 9*r**2 - 82*r + 10. What is a(9)?
1459
Let d(k) = 48*k**2 + 914*k + 9. Give d(-19).
-29
Let k(u) = -u**3 + 16*u**2 - 24*u + 64. Calculate k(5).
219
Let j(d) = -2*d**3 - 9*d**2 - 11*d + 5. Give j(-3).
11
Let v(w) = w**3 + 27*w**2 - 25*w + 93. Calculate v(-28).
9
Let r(h) = h**2 + 41*h + 300. Calculate r(-20).
-120
Let y(c) = c**2 - 19*c - 574. Calculate y(-16).
-14
Let y(g) = -g**3 + 31*g**2 - 218*g - 9. Determine y(20).
31
Let g(c) = -5*c**2 - 10. Determine g(-3).
-55
Let x(l) = l**3 - l**2 - 21*l + 5. Calculate x(5).
0
Let v(c) = -3*c**2 - 89*c - 612. What is v(-11)?
4
Let p(g) = -33*g - 26. What is p(-7)?
205
Let k(t) = t**2 + 1822*t + 14505. Give k(-8).
-7
Let u(h) = 64*h + 269. Calculate u(-7).
-179
Let x(u) = -40*u**2 - 24*u - 49. Calculate x(-2).
-161
Let p(r) = -3*r**3 - 46*r**2 - 15*r - 26. Determine p(-15).
-26
Let s(x) = 11*x**3 + 233*x**2 + 43*x + 18. Calculate s(-21).
-3
Let o(q) = -275*q - 286. Calculate o(-1).
-11
Let q(b) = -2*b**3 - 126*b**2 + 130*b + 224. Determine q(-64).
96
Let d(v) = -2*v**3 + 21*v**2 - 29*v + 20. Give d(9).
2
Let j(f) = f**2 - 116*f - 1251. Determine j(126).
9
Let x(c) = -c**3 - 16*c**2 + 56*c + 24. Determine x(-19).
43
Let j(q) = -43*q**2 - 8*q - 11. What is j(-2)?
-167
Let q(p) = -p**3 - 40*p**2 + 90*p + 200. Give q(-42).
-52
Let k(t) = -2*t**2 + 104*t - 481. Calculate k(45).
149
Let k(x) = x**3 + 59*x**2 - 187*x - 178. Calculate k(-62).
-116
Let x(i) = i**3 + 41*i**2 + 83*i + 2. What is x(-39)?
-193
Let a(l) = 2*l**3 - 17*l**2 + 26*l - 308. Calculate a(9).
7
Let r(u) = -u**2 - 63*u - 294. Determine r(-57).
48
Let v(z) = -408*z - 5315. Calculate v(-13).
-11
Let x(m) = -m**3 - 19*m**2 - 3*m - 21. What is x(-19)?
36
Let t(i) = i**2 - 123*i - 7771. Calculate t(169).
3
Let p(i) = 19*i - 75. What is p(6)?
39
Let n(q) = 16*q**3 - 16*q**2 + 2*q + 18. What is n(-1)?
-16
Let i(b) = -1948*b + 173367. What is i(89)?
-5
Let j(v) = -v**3 + 4*v**2 + 16*v + 17. Determine j(7).
-18
Let j(b) = -72*b + 564. Calculate j(8).
-12
Let c(b) = -314*b - 916. Calculate c(-3).
26
Let u(y) = -5*y - 3. Determine u(-10).
47
Let t(y) = y**3 - 26*y**2 - 270*y - 69. Determine t(34).
-1
Let g(l) = 18*l - 749. Determine g(33).
-155
Let s(b) = -b**2 - 90*b - 1949. Determine s(-54).
-5
Let y(t) = t**2 + 16*t - 1. What is y(-19)?
56
Let g(c) = -2*c**2 + 95*c + 905. What is g(56)?
-47
Let a(f) = 13*f**2 - 126*f - 2. Give a(8).
-178
Let g(p) = p**2 + 27*p - 290. What is g(9)?
34
Let x(n) = -n**3 + 5*n**2 + n - 15. What is x(5)?
-10
Let u(b) = -2*b**2 - 2*b - 52. What is u(0)?
-52
Let z(l) = -13*l**2 - 114*l - 216. Determine z(-2).
-40
Let l(f) = 2*f**3 + 9*f**2 + 50*f + 235. What is l(-6)?
-173
Let j(b) = -30*b + 1501. What is j(54)?
-119
Let j(x) = 161*x - 7721. Calculate j(48).
7
Let k(f) = -f**3 + 45*f**2 - 42*f - 58. Determine k(44).
30
Let w(y) = -2*y**2 - 28*y + 171. Determine w(-19).
-19
Let w(j) = 7*j**2 + 114*j + 2. Calculate w(-15).
-133
Let i(m) = -m**3 - 127*m - 577. Calculate i(-4).
-5
Let h(g) = -g**2 + 21*g - 151. Give h(19).
-113
Let w(b) = 43*b**2 - 15*b - 56. Calculate w(-2).
146
Let u(c) = -591*c + 2343. What is u(4)?
-21
Let q(i) = -2*i**3 + 252*i**2 - 23*i + 2915. Determine q(126).
17
Let p(l) = l**3 + 164*l**2 - 1045*l + 169. What is p(6)?
19
Let g(t) = -210*t + 1244. Give g(6).
-16
Let n(g) = g**2 + 89*g + 1876. What is n(-54)?
-14
Let d(s) = -s**3 + 12*s**2 + 287*s - 52. Determine d(24).
-76
Let u(i) = -192*i - 1159. Calculate u(-6).
-7
Let a(j) = 1409*j - 15492. Calculate a(11).
7
Let x(s) = 11*s**3 - 3*s**2 - 5*s. Determine x(-2).
-90
Let d(l) = -2*l**2 + 249*l - 6983. What is d(82)?
-13
Let q(m) = -2*m**3 + 98*m**2 - 83*m - 622. Determine q(48).
2
Let k(n) = 90*n**2 + 10*n - 1. What is k(-3)?
779
Let y(g) = -1101*g - 13095. What is y(-12)?
117
Let l(w) = -7*w**2 + 44*w + 79. Give l(10).
-181
Let q(v) = v**3 - 9*v**2 + 13*v + 41. Determine q(7).
34
Let a(y) = y**2 + 115*y - 6057. Give a(39).
-51
Let h(c) = c**2 - 21*c + 10. Give h(20).
-10
Let j(f) = 9*f**2 - 95*f - 136. Determine j(12).
20
Let l(q) = q**3 - 5*q**2 + 135*q - 1028. Calculate l(8).
244
Let n(w) = -2*w**2 - 16*w + 100. Determine n(6).
-68
Let i(b) = -b**3 + 3*b**2 + 16*b + 13. Give i(-6).
241
Let p(k) = -49*k**2 + 8*k + 1. What is p(1)?
-40
Let i(l) = 3*l**3 + 40*l**2 + 27*l + 136. Calculate i(-13).
-46
Let x(b) = -b**3 + 14*b**2 - 50*b + 30. Calculate x(8).
14
Let v(i) = -125*i**3 + 2*i**2 + 8*i. What is v(-1)?
119
Let y(i) = i**3 - 31*i**2 + 91*i - 169. What is y(28)?
27
Let a(y) = 4*y**2 + y + 51. What is a(0)?
51
Let x(t) = t**2 - 136*t + 4612. Calculate x(67).
-11
Let b(a) = a**2 + 18*a - 446. Calculate b(-30).
-86
Let a(m) = -19*m + 12. Determine a(6).
-102
Let m(t) = -3421*t - 30790. What is m(-9)?
-1
Let q(i) = 148*i + 2210. Calculate q(-15).
-10
Let j(a) = -a**2 - 25*a + 602. Calculate j(-40).
2
Let h(z) = -z**3 - 11*z**2 - 23*z - 374. Give h(-12).
46
Let f(m) = -2*m**2 - 2*m + 420. Calculate f(-15).
0
Let m(p) = -190*p - 5685. Give m(-30).
15
Let g(b) = -b**2 - 15*b + 61. Calculate g(6).
-65
Let w(y) = -y**3 - 42*y**2 + 24*y - 2836. Calculate w(-44).
-20
Let r(k) = -3*k**2 + 83*k - 98. Determine r(27).
-44
Let i(m) = 242*m + 2190. Calculate i(-9).
12
Let k(p) = -219*p + 3042. Calculate k(14).
-24
Let z(l) = 5*l**2 + 194*l + 1002. Determine z(-5).
157
Let u(s) = -2*s**3 - 3*s**2 + 15*s + 11. What is u(3)?
-25
Let f(x) = 2*x**2 + 9*x - 19. What is f(9)?
224
Let a(w) = 124*w**2 + 737*w - 12. Calculate a(-6).
30
Let b(z) = -z**3 - 5*z**2 + 17. Calculate b(-5).
17
Let x(p) = -p**2 + 39*p + 113. Give x(0).
113
Let t(p) = -p**3 + 40*p**2 - 391*p + 12. Calculate t(23).
12
Let s(h) = -19*h**2 + 48*h - 99. Determine s(2).
-79
Let c(i) = -i**2 - 44*i + 406. What is c(7)?
49
Let t(x) = 772*x + 3860. Determine t(-5).
0
Let a(z) = 27*z + 147. What is a(-4)?
39
Let j(y) = y**2 - 43*y - 346. Determine j(-8).
62
Let q(h) = -88*h + 1174. What is q(14)?
-58
Let z(r) = r**3 + 92*r**2 + 169*r - 985. Calculate z(-90).
5
Let w(c) = 3*c**3 - 6*c**2 + 37*c - 47. Determine w(4).
197
Let d(w) = -w**2 - 240*w + 483. Give d(2).
-1
Let j(s) = -167*s - 848. Determine j(-5).
-13
Let h(o) = 28*o**2 - 4635*o + 4634. What is h(1)?
27
Let n(v) = -12*v**2 - 809*v - 342. Calculate n(-67).
-7
Let d(s) = -95*s - 1525. Give d(-17).
90
Let d(g) = 2*g**2 - 41*g + 222. Determine d(7).
33
Let w(n) = -42*n + 1255. Calculate w(30).
-5
Let q(m) = -m**3 - 52*m**2 + 3*m + 98. Calculate q(-52).
-58
Let d(f) = 54*f + 2. Calculate d(1).
56
Let d(n) = -n**2 + 8*n - 6. What is d(10)?
-26
Let q(j) = 626*j + 4025. What is q(-6)?
269
Let c(o) = -2*o**3 - 13*o**2 + 32*o + 11. Determine c(3).
-64
Let n(l) = -6*l**2 - 193*l - 291. Determine n(-31).
-74
Let o(v) = v**2 + 82*v - 1259. Give o(17).
424
Let o(p) = 271*p - 30905. Give o(114).
-11
Let d(k) = -48*k + 1554. What is d(28)?
210
Let s(a) = -30*a + 20. Calculate s(1).
-10
Let f(q) = -2429*q + 9709. Calculate f(4).
-7
Let r(b) = 7*b**2 - 325*b - 284. Calculate r(47).
-96
Let o(v) = 208*v**2 - 16*v - 2. What is o(1)?
190
Let y(c) = c**3 - 181*c**2 - 369*c + 557. Determine y(183).
8
Let p(y) = -y**3 - 23*y**2 - 103*y + 29. Determine p(-17).
46
Let u(q) = 343*q + 3775. Determine u(-11).
2
Let v(w) = -111*w - 89. Determine v(-2).
133
Let q(t) = 160*t - 7. What is q(2)?
313
Let w(q) = q**3 - 12*q**2 + 21*q + 20. Determine w(7).
-78
Let v(j) = -4*j**2 + 64*j - 5. Give v(17).
-73
Let u(i) = 624*i - 5. Determine u(0).
-5
Let y(b) = -7*b**3 + 34*b**2 - 35*b + 40. Give y(4).
-4
Let l(f) = -f**2 + 3133*f + 9400. What is l(-3)?
-